--
-- Host: localhost    Database: monica
-- ------------------------------------------------------


--
-- Table structure for table `accounts`
--

CREATE TABLE `accounts` (
  `id` int(10) unsigned NOT NULL AUTO_INCREMENT,
  `uuid` char(36) DEFAULT NULL,
  `has_access_to_paid_version_for_free` tinyint(1) NOT NULL DEFAULT 0,
  `api_key` varchar(255) NOT NULL,
  `number_of_invitations_sent` int(11) DEFAULT NULL,
  `default_time_reminder_is_sent` varchar(255) NOT NULL DEFAULT '12:00',
  `default_gender_id` int(10) unsigned DEFAULT NULL,
  `stripe_id` varchar(255) DEFAULT NULL,
  `pm_type` varchar(255) DEFAULT NULL,
  `pm_last_four` varchar(4) DEFAULT NULL,
  `trial_ends_at` timestamp NULL DEFAULT NULL,
  `legacy_free_plan_unlimited_contacts` tinyint(1) NOT NULL DEFAULT 0,
  `created_at` timestamp NULL DEFAULT NULL,
  `updated_at` timestamp NULL DEFAULT NULL,
  PRIMARY KEY (`id`),
  KEY `accounts_default_gender_id_foreign` (`default_gender_id`),
  KEY `accounts_stripe_id_index` (`stripe_id`),
  KEY `accounts_uuid_index` (`uuid`),
  CONSTRAINT `accounts_default_gender_id_foreign` FOREIGN KEY (`default_gender_id`) REFERENCES `genders` (`id`) ON DELETE SET NULL
) ENGINE=InnoDB AUTO_INCREMENT=4 DEFAULT CHARSET=utf8mb4 COLLATE=utf8mb4_unicode_ci;

--
-- Dumping data for table `accounts`
--

INSERT INTO `accounts` VALUES (1,NULL,0,'LVyHwwrwZuLYk80XDEeTHacIi2g79E',NULL,'12:00',NULL,NULL,NULL,NULL,NULL,0,'2024-01-02 23:41:16','2024-01-02 23:41:16'),(2,NULL,0,'OfH893BBYkEvXdwHZiZ8EJJqbOJQSu',NULL,'12:00',NULL,NULL,NULL,NULL,NULL,0,'2024-01-02 23:41:17','2024-01-02 23:41:17'),(3,'bf80d89a-5293-4857-b52a-0d8af9e53e6d',0,'Q9GceHosu8Z7Z8MmLO5aTi2CPBtf2R',NULL,'12:00',9,NULL,NULL,NULL,NULL,0,'2024-01-02 23:41:19','2024-01-03 01:07:10');

--
-- Table structure for table `activities`
--

CREATE TABLE `activities` (
  `id` int(10) unsigned NOT NULL AUTO_INCREMENT,
  `uuid` char(36) DEFAULT NULL,
  `account_id` int(10) unsigned NOT NULL,
  `activity_type_id` int(10) unsigned DEFAULT NULL,
  `summary` varchar(255) NOT NULL,
  `description` longtext DEFAULT NULL,
  `happened_at` date NOT NULL,
  `created_at` timestamp NULL DEFAULT NULL,
  `updated_at` timestamp NULL DEFAULT NULL,
  PRIMARY KEY (`id`),
  KEY `activities_activity_type_id_foreign` (`activity_type_id`),
  KEY `activities_account_id_uuid_index` (`account_id`,`uuid`),
  CONSTRAINT `activities_account_id_foreign` FOREIGN KEY (`account_id`) REFERENCES `accounts` (`id`) ON DELETE CASCADE,
  CONSTRAINT `activities_activity_type_id_foreign` FOREIGN KEY (`activity_type_id`) REFERENCES `activity_types` (`id`) ON DELETE SET NULL
) ENGINE=InnoDB DEFAULT CHARSET=utf8mb4 COLLATE=utf8mb4_unicode_ci;

--
-- Dumping data for table `activities`
--


--
-- Table structure for table `activity_contact`
--

CREATE TABLE `activity_contact` (
  `activity_id` int(10) unsigned NOT NULL,
  `contact_id` int(10) unsigned NOT NULL,
  `account_id` int(10) unsigned NOT NULL,
  KEY `activity_contact_activity_id_foreign` (`activity_id`),
  KEY `activity_contact_contact_id_foreign` (`contact_id`),
  KEY `activity_contact_account_id_foreign` (`account_id`),
  CONSTRAINT `activity_contact_account_id_foreign` FOREIGN KEY (`account_id`) REFERENCES `accounts` (`id`) ON DELETE CASCADE,
  CONSTRAINT `activity_contact_activity_id_foreign` FOREIGN KEY (`activity_id`) REFERENCES `activities` (`id`) ON DELETE CASCADE,
  CONSTRAINT `activity_contact_contact_id_foreign` FOREIGN KEY (`contact_id`) REFERENCES `contacts` (`id`) ON DELETE CASCADE
) ENGINE=InnoDB DEFAULT CHARSET=utf8mb4 COLLATE=utf8mb4_unicode_ci;

--
-- Dumping data for table `activity_contact`
--


--
-- Table structure for table `activity_statistics`
--

CREATE TABLE `activity_statistics` (
  `id` int(10) unsigned NOT NULL AUTO_INCREMENT,
  `account_id` int(10) unsigned NOT NULL,
  `contact_id` int(10) unsigned NOT NULL,
  `year` int(11) NOT NULL,
  `count` int(11) NOT NULL,
  `created_at` timestamp NULL DEFAULT NULL,
  `updated_at` timestamp NULL DEFAULT NULL,
  PRIMARY KEY (`id`),
  KEY `activity_statistics_account_id_foreign` (`account_id`),
  KEY `activity_statistics_contact_id_foreign` (`contact_id`),
  CONSTRAINT `activity_statistics_account_id_foreign` FOREIGN KEY (`account_id`) REFERENCES `accounts` (`id`) ON DELETE CASCADE,
  CONSTRAINT `activity_statistics_contact_id_foreign` FOREIGN KEY (`contact_id`) REFERENCES `contacts` (`id`) ON DELETE CASCADE
) ENGINE=InnoDB DEFAULT CHARSET=utf8mb4 COLLATE=utf8mb4_unicode_ci;

--
-- Dumping data for table `activity_statistics`
--


--
-- Table structure for table `activity_type_categories`
--

CREATE TABLE `activity_type_categories` (
  `id` int(10) unsigned NOT NULL AUTO_INCREMENT,
  `uuid` char(36) DEFAULT NULL,
  `account_id` int(10) unsigned NOT NULL,
  `name` varchar(255) DEFAULT NULL,
  `translation_key` varchar(255) DEFAULT NULL,
  `created_at` timestamp NULL DEFAULT NULL,
  `updated_at` timestamp NULL DEFAULT NULL,
  PRIMARY KEY (`id`),
  KEY `activity_type_categories_account_id_uuid_index` (`account_id`,`uuid`),
  CONSTRAINT `activity_type_categories_account_id_foreign` FOREIGN KEY (`account_id`) REFERENCES `accounts` (`id`) ON DELETE CASCADE
) ENGINE=InnoDB AUTO_INCREMENT=13 DEFAULT CHARSET=utf8mb4 COLLATE=utf8mb4_unicode_ci;

--
-- Dumping data for table `activity_type_categories`
--

INSERT INTO `activity_type_categories` VALUES (1,NULL,1,NULL,'simple_activities',NULL,NULL),(2,NULL,1,NULL,'sport',NULL,NULL),(3,NULL,1,NULL,'food',NULL,NULL),(4,NULL,1,NULL,'cultural_activities',NULL,NULL),(5,NULL,2,NULL,'simple_activities',NULL,NULL),(6,NULL,2,NULL,'sport',NULL,NULL),(7,NULL,2,NULL,'food',NULL,NULL),(8,NULL,2,NULL,'cultural_activities',NULL,NULL),(9,NULL,3,NULL,'simple_activities',NULL,NULL),(10,NULL,3,NULL,'sport',NULL,NULL),(11,NULL,3,NULL,'food',NULL,NULL),(12,NULL,3,NULL,'cultural_activities',NULL,NULL);

--
-- Table structure for table `activity_types`
--

CREATE TABLE `activity_types` (
  `id` int(10) unsigned NOT NULL AUTO_INCREMENT,
  `uuid` char(36) DEFAULT NULL,
  `account_id` int(10) unsigned NOT NULL,
  `activity_type_category_id` int(10) unsigned NOT NULL,
  `name` varchar(255) DEFAULT NULL,
  `translation_key` varchar(255) DEFAULT NULL,
  `location_type` varchar(255) DEFAULT NULL,
  `created_at` timestamp NULL DEFAULT NULL,
  `updated_at` timestamp NULL DEFAULT NULL,
  PRIMARY KEY (`id`),
  KEY `activity_types_activity_type_category_id_foreign` (`activity_type_category_id`),
  KEY `activity_types_account_id_uuid_index` (`account_id`,`uuid`),
  CONSTRAINT `activity_types_account_id_foreign` FOREIGN KEY (`account_id`) REFERENCES `accounts` (`id`) ON DELETE CASCADE,
  CONSTRAINT `activity_types_activity_type_category_id_foreign` FOREIGN KEY (`activity_type_category_id`) REFERENCES `activity_type_categories` (`id`) ON DELETE CASCADE
) ENGINE=InnoDB AUTO_INCREMENT=40 DEFAULT CHARSET=utf8mb4 COLLATE=utf8mb4_unicode_ci;

--
-- Dumping data for table `activity_types`
--

INSERT INTO `activity_types` VALUES (1,NULL,1,1,NULL,'just_hung_out',NULL,NULL,NULL),(2,NULL,1,1,NULL,'watched_movie_at_home',NULL,NULL,NULL),(3,NULL,1,1,NULL,'talked_at_home',NULL,NULL,NULL),(4,NULL,1,2,NULL,'did_sport_activities_together',NULL,NULL,NULL),(5,NULL,1,3,NULL,'ate_at_his_place',NULL,NULL,NULL),(6,NULL,1,3,NULL,'went_bar',NULL,NULL,NULL),(7,NULL,1,3,NULL,'ate_at_home',NULL,NULL,NULL),(8,NULL,1,3,NULL,'picnicked',NULL,NULL,NULL),(9,NULL,1,3,NULL,'ate_restaurant',NULL,NULL,NULL),(10,NULL,1,4,NULL,'went_theater',NULL,NULL,NULL),(11,NULL,1,4,NULL,'went_concert',NULL,NULL,NULL),(12,NULL,1,4,NULL,'went_play',NULL,NULL,NULL),(13,NULL,1,4,NULL,'went_museum',NULL,NULL,NULL),(14,NULL,2,5,NULL,'just_hung_out',NULL,NULL,NULL),(15,NULL,2,5,NULL,'watched_movie_at_home',NULL,NULL,NULL),(16,NULL,2,5,NULL,'talked_at_home',NULL,NULL,NULL),(17,NULL,2,6,NULL,'did_sport_activities_together',NULL,NULL,NULL),(18,NULL,2,7,NULL,'ate_at_his_place',NULL,NULL,NULL),(19,NULL,2,7,NULL,'went_bar',NULL,NULL,NULL),(20,NULL,2,7,NULL,'ate_at_home',NULL,NULL,NULL),(21,NULL,2,7,NULL,'picnicked',NULL,NULL,NULL),(22,NULL,2,7,NULL,'ate_restaurant',NULL,NULL,NULL),(23,NULL,2,8,NULL,'went_theater',NULL,NULL,NULL),(24,NULL,2,8,NULL,'went_concert',NULL,NULL,NULL),(25,NULL,2,8,NULL,'went_play',NULL,NULL,NULL),(26,NULL,2,8,NULL,'went_museum',NULL,NULL,NULL),(27,NULL,3,9,NULL,'just_hung_out',NULL,NULL,NULL),(28,NULL,3,9,NULL,'watched_movie_at_home',NULL,NULL,NULL),(29,NULL,3,9,NULL,'talked_at_home',NULL,NULL,NULL),(30,NULL,3,10,NULL,'did_sport_activities_together',NULL,NULL,NULL),(31,NULL,3,11,NULL,'ate_at_his_place',NULL,NULL,NULL),(32,NULL,3,11,NULL,'went_bar',NULL,NULL,NULL),(33,NULL,3,11,NULL,'ate_at_home',NULL,NULL,NULL),(34,NULL,3,11,NULL,'picnicked',NULL,NULL,NULL),(35,NULL,3,11,NULL,'ate_restaurant',NULL,NULL,NULL),(36,NULL,3,12,NULL,'went_theater',NULL,NULL,NULL),(37,NULL,3,12,NULL,'went_concert',NULL,NULL,NULL),(38,NULL,3,12,NULL,'went_play',NULL,NULL,NULL),(39,NULL,3,12,NULL,'went_museum',NULL,NULL,NULL);

--
-- Table structure for table `address_contact_field_label`
--

CREATE TABLE `address_contact_field_label` (
  `contact_field_label_id` bigint(20) unsigned NOT NULL,
  `address_id` int(10) unsigned NOT NULL,
  `account_id` int(10) unsigned NOT NULL,
  KEY `address_contact_field_label_index` (`contact_field_label_id`,`address_id`,`account_id`),
  KEY `address_contact_field_label_address_id_foreign` (`address_id`),
  KEY `address_contact_field_label_account_id_foreign` (`account_id`),
  CONSTRAINT `address_contact_field_label_account_id_foreign` FOREIGN KEY (`account_id`) REFERENCES `accounts` (`id`) ON DELETE CASCADE,
  CONSTRAINT `address_contact_field_label_address_id_foreign` FOREIGN KEY (`address_id`) REFERENCES `addresses` (`id`) ON DELETE CASCADE,
  CONSTRAINT `address_contact_field_label_contact_field_label_id_foreign` FOREIGN KEY (`contact_field_label_id`) REFERENCES `contact_field_labels` (`id`) ON DELETE CASCADE
) ENGINE=InnoDB DEFAULT CHARSET=utf8mb4 COLLATE=utf8mb4_unicode_ci;

--
-- Dumping data for table `address_contact_field_label`
--


--
-- Table structure for table `addressbook_subscriptions`
--

CREATE TABLE `addressbook_subscriptions` (
  `id` bigint(20) unsigned NOT NULL AUTO_INCREMENT,
  `uuid` char(36) DEFAULT NULL,
  `account_id` int(10) unsigned NOT NULL,
  `user_id` int(10) unsigned NOT NULL,
  `address_book_id` bigint(20) unsigned NOT NULL,
  `name` varchar(256) NOT NULL,
  `uri` varchar(2096) NOT NULL,
  `username` varchar(1024) NOT NULL,
  `password` varchar(2048) NOT NULL,
  `readonly` tinyint(1) NOT NULL,
  `active` tinyint(1) NOT NULL DEFAULT 1,
  `capabilities` varchar(2048) NOT NULL,
  `syncToken` varchar(512) DEFAULT NULL,
  `localSyncToken` varchar(1024) DEFAULT NULL,
  `frequency` smallint(6) NOT NULL DEFAULT 180,
  `last_synchronized_at` timestamp NULL DEFAULT NULL,
  `created_at` timestamp NULL DEFAULT NULL,
  `updated_at` timestamp NULL DEFAULT NULL,
  PRIMARY KEY (`id`),
  KEY `addressbook_subscriptions_user_id_foreign` (`user_id`),
  KEY `addressbook_subscriptions_address_book_id_foreign` (`address_book_id`),
  KEY `addressbook_subscriptions_account_id_uuid_index` (`account_id`,`uuid`),
  CONSTRAINT `addressbook_subscriptions_account_id_foreign` FOREIGN KEY (`account_id`) REFERENCES `accounts` (`id`) ON DELETE CASCADE,
  CONSTRAINT `addressbook_subscriptions_address_book_id_foreign` FOREIGN KEY (`address_book_id`) REFERENCES `addressbooks` (`id`) ON DELETE CASCADE,
  CONSTRAINT `addressbook_subscriptions_user_id_foreign` FOREIGN KEY (`user_id`) REFERENCES `users` (`id`) ON DELETE CASCADE
) ENGINE=InnoDB DEFAULT CHARSET=utf8mb4 COLLATE=utf8mb4_unicode_ci;

--
-- Dumping data for table `addressbook_subscriptions`
--


--
-- Table structure for table `addressbooks`
--

CREATE TABLE `addressbooks` (
  `id` bigint(20) unsigned NOT NULL AUTO_INCREMENT,
  `uuid` char(36) DEFAULT NULL,
  `account_id` int(10) unsigned NOT NULL,
  `user_id` int(10) unsigned NOT NULL,
  `description` varchar(500) DEFAULT NULL,
  `name` varchar(100) NOT NULL,
  `created_at` timestamp NULL DEFAULT NULL,
  `updated_at` timestamp NULL DEFAULT NULL,
  PRIMARY KEY (`id`),
  KEY `addressbooks_name_index` (`name`),
  KEY `addressbooks_user_id_foreign` (`user_id`),
  KEY `addressbooks_account_id_uuid_index` (`account_id`,`uuid`),
  CONSTRAINT `addressbooks_account_id_foreign` FOREIGN KEY (`account_id`) REFERENCES `accounts` (`id`) ON DELETE CASCADE,
  CONSTRAINT `addressbooks_user_id_foreign` FOREIGN KEY (`user_id`) REFERENCES `users` (`id`) ON DELETE CASCADE
) ENGINE=InnoDB DEFAULT CHARSET=utf8mb4 COLLATE=utf8mb4_unicode_ci;

--
-- Dumping data for table `addressbooks`
--


--
-- Table structure for table `addresses`
--

CREATE TABLE `addresses` (
  `id` int(10) unsigned NOT NULL AUTO_INCREMENT,
  `uuid` char(36) DEFAULT NULL,
  `account_id` int(10) unsigned NOT NULL,
  `place_id` int(10) unsigned DEFAULT NULL,
  `contact_id` int(10) unsigned NOT NULL,
  `name` varchar(255) DEFAULT NULL,
  `created_at` timestamp NULL DEFAULT NULL,
  `updated_at` timestamp NULL DEFAULT NULL,
  PRIMARY KEY (`id`),
  KEY `addresses_contact_id_foreign` (`contact_id`),
  KEY `addresses_place_id_foreign` (`place_id`),
  KEY `addresses_account_id_uuid_index` (`account_id`,`uuid`),
  CONSTRAINT `addresses_account_id_foreign` FOREIGN KEY (`account_id`) REFERENCES `accounts` (`id`) ON DELETE CASCADE,
  CONSTRAINT `addresses_contact_id_foreign` FOREIGN KEY (`contact_id`) REFERENCES `contacts` (`id`) ON DELETE CASCADE,
  CONSTRAINT `addresses_place_id_foreign` FOREIGN KEY (`place_id`) REFERENCES `places` (`id`) ON DELETE CASCADE
) ENGINE=InnoDB DEFAULT CHARSET=utf8mb4 COLLATE=utf8mb4_unicode_ci;

--
-- Dumping data for table `addresses`
--


--
-- Table structure for table `api_usage`
--

CREATE TABLE `api_usage` (
  `id` int(10) unsigned NOT NULL AUTO_INCREMENT,
  `url` varchar(255) NOT NULL,
  `method` varchar(255) NOT NULL,
  `client_ip` varchar(255) NOT NULL,
  `created_at` timestamp NULL DEFAULT NULL,
  `updated_at` timestamp NULL DEFAULT NULL,
  PRIMARY KEY (`id`)
) ENGINE=InnoDB AUTO_INCREMENT=102 DEFAULT CHARSET=utf8mb4 COLLATE=utf8mb4_unicode_ci;

--
-- Dumping data for table `api_usage`
--

INSERT INTO `api_usage` VALUES (1,'https://mandraw.noho.st/monica/api/contacts/1/activities?page=1','GET','85.190.89.158','2024-01-03 00:53:42','2024-01-03 00:53:42'),(2,'https://mandraw.noho.st/monica/api/contacts/1/activities?page=1','GET','85.190.89.158','2024-01-03 00:55:04','2024-01-03 00:55:04'),(3,'https://mandraw.noho.st/monica/api/contacts/1/activities?page=1','GET','85.190.89.158','2024-01-03 00:55:43','2024-01-03 00:55:43'),(4,'https://mandraw.noho.st/monica/api/contacts/1/activities?page=1','GET','85.190.89.158','2024-01-03 01:02:49','2024-01-03 01:02:49'),(5,'https://mandraw.noho.st/monica/api/contacts/2/activities?page=1','GET','85.190.89.158','2024-01-03 01:03:54','2024-01-03 01:03:54'),(6,'https://mandraw.noho.st/monica/api/contacts/2/activities?page=1','GET','85.190.89.158','2024-01-03 01:04:04','2024-01-03 01:04:04'),(7,'https://mandraw.noho.st/monica/api/contacts/5/activities?page=1','GET','85.190.89.158','2024-01-03 01:19:01','2024-01-03 01:19:01'),(8,'https://mandraw.noho.st/monica/api/contacts/6/activities?page=1','GET','85.190.89.158','2024-01-03 01:19:29','2024-01-03 01:19:29'),(9,'https://mandraw.noho.st/monica/api/contacts/7/activities?page=1','GET','85.190.89.158','2024-01-03 01:21:08','2024-01-03 01:21:08'),(10,'https://mandraw.noho.st/monica/api/contacts/7/activities?page=1','GET','85.190.89.158','2024-01-03 01:23:24','2024-01-03 01:23:24'),(11,'https://mandraw.noho.st/monica/api/contacts/6/activities?page=1','GET','85.190.89.158','2024-01-03 01:24:02','2024-01-03 01:24:02'),(12,'https://mandraw.noho.st/monica/api/contacts/6/activities?page=1','GET','85.190.89.158','2024-01-03 01:24:56','2024-01-03 01:24:56'),(13,'https://mandraw.noho.st/monica/api/contacts/8/activities?page=1','GET','85.190.89.158','2024-01-03 01:25:46','2024-01-03 01:25:46'),(14,'https://mandraw.noho.st/monica/api/contacts/8/activities?page=1','GET','85.190.89.158','2024-01-03 01:26:09','2024-01-03 01:26:09'),(15,'https://mandraw.noho.st/monica/api/contacts/2/activities?page=1','GET','85.190.89.158','2024-01-03 01:26:55','2024-01-03 01:26:55'),(16,'https://mandraw.noho.st/monica/api/contacts/1/activities?page=1','GET','85.190.89.158','2024-01-03 01:26:59','2024-01-03 01:26:59'),(17,'https://mandraw.noho.st/monica/api/contacts/5/activities?page=1','GET','85.190.89.158','2024-01-03 01:27:52','2024-01-03 01:27:52'),(18,'https://mandraw.noho.st/monica/api/contacts/5/activities?page=1','GET','85.190.89.158','2024-01-03 01:28:19','2024-01-03 01:28:19'),(19,'https://mandraw.noho.st/monica/api/contacts/9/activities?page=1','GET','85.190.89.158','2024-01-03 01:29:58','2024-01-03 01:29:58'),(20,'https://mandraw.noho.st/monica/api/contacts/9/activities?page=1','GET','85.190.89.158','2024-01-03 01:31:22','2024-01-03 01:31:22'),(21,'https://mandraw.noho.st/monica/api/contacts/10/activities?page=1','GET','85.190.89.158','2024-01-03 01:34:28','2024-01-03 01:34:28'),(22,'https://mandraw.noho.st/monica/api/contacts/10/activities?page=1','GET','85.190.89.158','2024-01-03 01:34:46','2024-01-03 01:34:46'),(23,'https://mandraw.noho.st/monica/api/contacts/10/activities?page=1','GET','85.190.89.158','2024-01-03 01:36:13','2024-01-03 01:36:13'),(24,'https://mandraw.noho.st/monica/api/contacts/11/activities?page=1','GET','85.190.90.2','2024-01-05 05:36:00','2024-01-05 05:36:00'),(25,'https://mandraw.noho.st/monica/api/contacts/11/activities?page=1','GET','85.190.90.2','2024-01-05 05:39:51','2024-01-05 05:39:51'),(26,'https://mandraw.noho.st/monica/api/contacts/11/activities?page=1','GET','85.190.90.2','2024-01-05 05:56:23','2024-01-05 05:56:23'),(27,'https://mandraw.noho.st/monica/api/contacts/11/activities?page=1','GET','85.190.90.2','2024-01-05 05:56:40','2024-01-05 05:56:40'),(28,'https://mandraw.noho.st/monica/api/contacts/12/activities?page=1','GET','85.190.90.2','2024-01-05 05:57:04','2024-01-05 05:57:04'),(29,'https://mandraw.noho.st/monica/api/contacts/12/activities?page=1','GET','85.190.90.2','2024-01-05 05:57:44','2024-01-05 05:57:44'),(30,'https://mandraw.noho.st/monica/api/contacts/8/activities?page=1','GET','85.190.90.2','2024-01-05 06:00:14','2024-01-05 06:00:14'),(31,'https://mandraw.noho.st/monica/api/contacts/9/activities?page=1','GET','85.190.90.2','2024-01-05 06:00:17','2024-01-05 06:00:17'),(32,'https://mandraw.noho.st/monica/api/contacts/1/activities?page=1','GET','85.190.90.2','2024-01-05 06:00:21','2024-01-05 06:00:21'),(33,'https://mandraw.noho.st/monica/api/contacts/7/activities?page=1','GET','85.190.90.2','2024-01-05 06:00:26','2024-01-05 06:00:26'),(34,'https://mandraw.noho.st/monica/api/contacts/13/activities?page=1','GET','85.190.90.2','2024-01-05 06:11:56','2024-01-05 06:11:56'),(35,'https://mandraw.noho.st/monica/api/contacts/13/activities?page=1','GET','85.190.90.2','2024-01-05 06:59:56','2024-01-05 06:59:56'),(36,'https://mandraw.noho.st/monica/api/contacts/14/activities?page=1','GET','185.161.170.69','2024-01-07 01:53:42','2024-01-07 01:53:42'),(37,'https://mandraw.noho.st/monica/api/contacts/14/activities?page=1','GET','185.161.170.69','2024-01-07 01:55:20','2024-01-07 01:55:20'),(38,'https://mandraw.noho.st/monica/api/contacts/14/activities?page=1','GET','185.161.170.69','2024-01-07 01:55:37','2024-01-07 01:55:37'),(39,'https://mandraw.noho.st/monica/api/contacts/14/activities?page=1','GET','185.161.170.69','2024-01-07 01:55:47','2024-01-07 01:55:47'),(40,'https://mandraw.noho.st/monica/api/contacts/15/activities?page=1','GET','185.161.170.69','2024-01-07 01:58:09','2024-01-07 01:58:09'),(41,'https://mandraw.noho.st/monica/api/contacts/15/activities?page=1','GET','185.161.170.69','2024-01-07 01:58:48','2024-01-07 01:58:48'),(42,'https://mandraw.noho.st/monica/api/contacts/16/activities?page=1','GET','185.161.170.69','2024-01-07 02:00:33','2024-01-07 02:00:33'),(43,'https://mandraw.noho.st/monica/api/contacts/16/activities?page=1','GET','185.161.170.69','2024-01-07 02:01:54','2024-01-07 02:01:54'),(44,'https://mandraw.noho.st/monica/api/contacts/15/activities?page=1','GET','185.161.170.69','2024-01-07 02:04:14','2024-01-07 02:04:14'),(45,'https://mandraw.noho.st/monica/api/contacts/16/activities?page=1','GET','185.161.170.69','2024-01-07 02:07:08','2024-01-07 02:07:08'),(46,'https://mandraw.noho.st/monica/api/contacts/15/activities?page=1','GET','185.161.170.69','2024-01-07 02:08:30','2024-01-07 02:08:30'),(47,'https://mandraw.noho.st/monica/api/contacts/17/activities?page=1','GET','185.161.170.69','2024-01-07 02:13:29','2024-01-07 02:13:29'),(48,'https://mandraw.noho.st/monica/api/contacts/17/activities?page=1','GET','185.161.170.69','2024-01-07 02:28:51','2024-01-07 02:28:51'),(49,'https://mandraw.noho.st/monica/api/contacts/17/activities?page=1','GET','185.161.170.69','2024-01-07 02:29:25','2024-01-07 02:29:25'),(50,'https://mandraw.noho.st/monica/api/contacts/7/activities?page=1','GET','185.161.170.69','2024-01-09 12:29:49','2024-01-09 12:29:49'),(51,'https://mandraw.noho.st/monica/api/contacts/3/activities?page=1','GET','185.161.170.69','2024-01-09 16:02:45','2024-01-09 16:02:45'),(52,'https://mandraw.noho.st/monica/api/contacts/3/activities?page=1','GET','185.161.170.69','2024-01-09 16:03:00','2024-01-09 16:03:00'),(53,'https://mandraw.noho.st/monica/api/contacts/3/activities?page=1','GET','185.161.170.69','2024-01-09 16:03:09','2024-01-09 16:03:09'),(54,'https://mandraw.noho.st/monica/api/contacts/2/activities?page=1','GET','185.161.170.69','2024-01-09 16:03:41','2024-01-09 16:03:41'),(55,'https://mandraw.noho.st/monica/api/contacts/2/activities?page=1','GET','185.161.170.69','2024-01-09 16:04:05','2024-01-09 16:04:05'),(56,'https://mandraw.noho.st/monica/api/contacts/2/activities?page=1','GET','185.161.170.69','2024-01-09 16:04:11','2024-01-09 16:04:11'),(57,'https://mandraw.noho.st/monica/api/contacts/7/activities?page=1','GET','185.161.170.69','2024-01-09 16:44:44','2024-01-09 16:44:44'),(58,'https://mandraw.noho.st/monica/api/contacts/7/activities?page=1','GET','185.161.170.69','2024-01-09 16:45:30','2024-01-09 16:45:30'),(59,'https://mandraw.noho.st/monica/api/contacts/18/activities?page=1','GET','85.190.89.148','2024-01-10 09:59:15','2024-01-10 09:59:15'),(60,'https://mandraw.noho.st/monica/api/contacts/18/activities?page=1','GET','85.190.89.148','2024-01-10 09:59:36','2024-01-10 09:59:36'),(61,'https://mandraw.noho.st/monica/api/contacts/18/activities?page=1','GET','85.190.89.148','2024-01-10 10:02:51','2024-01-10 10:02:51'),(62,'https://mandraw.noho.st/monica/api/contacts/9/activities?page=1','GET','85.190.89.148','2024-01-10 10:03:44','2024-01-10 10:03:44'),(63,'https://mandraw.noho.st/monica/api/contacts/3/activities?page=1','GET','85.190.89.148','2024-01-10 10:04:01','2024-01-10 10:04:01'),(64,'https://mandraw.noho.st/monica/api/contacts/3/activities?page=1','GET','85.190.89.148','2024-01-10 10:04:53','2024-01-10 10:04:53'),(65,'https://mandraw.noho.st/monica/api/contacts/4/activities?page=1','GET','85.190.89.148','2024-01-10 10:05:08','2024-01-10 10:05:08'),(66,'https://mandraw.noho.st/monica/api/contacts/4/activities?page=1','GET','85.190.89.148','2024-01-10 10:05:48','2024-01-10 10:05:48'),(67,'https://mandraw.noho.st/monica/api/contacts/19/activities?page=1','GET','85.190.89.148','2024-01-10 10:08:16','2024-01-10 10:08:16'),(68,'https://mandraw.noho.st/monica/api/contacts/19/activities?page=1','GET','85.190.89.148','2024-01-10 10:08:51','2024-01-10 10:08:51'),(69,'https://mandraw.noho.st/monica/api/contacts/20/activities?page=1','GET','85.190.89.148','2024-01-10 10:23:53','2024-01-10 10:23:53'),(70,'https://mandraw.noho.st/monica/api/contacts/20/activities?page=1','GET','85.190.89.148','2024-01-10 10:25:33','2024-01-10 10:25:33'),(71,'https://mandraw.noho.st/monica/api/contacts/21/activities?page=1','GET','85.190.89.148','2024-01-10 17:31:43','2024-01-10 17:31:43'),(72,'https://mandraw.noho.st/monica/api/contacts/6/activities?page=1','GET','85.190.90.7','2024-01-11 06:02:43','2024-01-11 06:02:43'),(73,'https://mandraw.noho.st/monica/api/contacts/6/activities?page=1','GET','85.190.90.7','2024-01-11 06:02:56','2024-01-11 06:02:56'),(74,'https://mandraw.noho.st/monica/api/contacts/17/activities?page=1','GET','85.190.90.7','2024-01-11 07:30:12','2024-01-11 07:30:12'),(75,'https://mandraw.noho.st/monica/api/contacts/21/activities?page=1','GET','85.190.89.169','2024-01-16 12:24:42','2024-01-16 12:24:42'),(76,'https://mandraw.noho.st/monica/api/contacts/21/activities?page=1','GET','85.190.89.169','2024-01-16 12:24:52','2024-01-16 12:24:52'),(77,'https://mandraw.noho.st/monica/api/contacts/21/activities?page=1','GET','85.190.89.169','2024-01-16 12:25:02','2024-01-16 12:25:02'),(78,'https://mandraw.noho.st/monica/api/contacts/21/activities?page=1','GET','85.190.89.169','2024-01-16 12:25:07','2024-01-16 12:25:07'),(79,'https://mandraw.noho.st/monica/api/contacts/21/activities?page=1','GET','85.190.89.169','2024-01-16 12:25:13','2024-01-16 12:25:13'),(80,'https://mandraw.noho.st/monica/api/contacts/21/activities?page=1','GET','85.190.89.169','2024-01-16 12:26:02','2024-01-16 12:26:02'),(81,'https://mandraw.noho.st/monica/api/contacts/6/activities?page=1','GET','185.161.170.38','2024-01-17 07:04:27','2024-01-17 07:04:27'),(82,'https://mandraw.noho.st/monica/api/contacts/22/activities?page=1','GET','185.161.169.16','2024-01-20 15:31:35','2024-01-20 15:31:35'),(83,'https://mandraw.noho.st/monica/api/contacts/22/activities?page=1','GET','185.161.169.16','2024-01-20 16:01:26','2024-01-20 16:01:26'),(84,'https://mandraw.noho.st/monica/api/contacts/22/activities?page=1','GET','185.161.169.16','2024-01-20 16:26:25','2024-01-20 16:26:25'),(85,'https://mandraw.noho.st/monica/api/contacts/17/activities?page=1','GET','185.161.170.68','2024-01-25 04:22:07','2024-01-25 04:22:07'),(86,'https://mandraw.noho.st/monica/api/contacts/17/activities?page=1','GET','185.161.170.68','2024-01-25 04:22:54','2024-01-25 04:22:54'),(87,'https://mandraw.noho.st/monica/api/contacts/17/activities?page=1','GET','185.161.170.68','2024-01-25 04:23:09','2024-01-25 04:23:09'),(88,'https://mandraw.noho.st/monica/api/contacts/17/activities?page=1','GET','185.161.170.68','2024-01-25 04:23:12','2024-01-25 04:23:12'),(89,'https://mandraw.noho.st/monica/api/contacts/17/activities?page=1','GET','185.161.170.68','2024-01-25 04:24:24','2024-01-25 04:24:24'),(90,'https://mandraw.noho.st/monica/api/contacts/17/activities?page=1','GET','85.190.89.201','2024-01-25 14:49:06','2024-01-25 14:49:06'),(91,'https://mandraw.noho.st/monica/api/contacts/17/activities?page=1','GET','85.190.89.155','2024-02-02 01:12:26','2024-02-02 01:12:26'),(92,'https://mandraw.noho.st/monica/api/contacts/23/activities?page=1','GET','85.190.89.66','2024-02-04 18:47:06','2024-02-04 18:47:06'),(93,'https://mandraw.noho.st/monica/api/contacts/23/activities?page=1','GET','85.190.89.66','2024-02-04 18:47:23','2024-02-04 18:47:23'),(94,'https://mandraw.noho.st/monica/api/contacts/24/activities?page=1','GET','85.190.89.66','2024-02-04 19:53:42','2024-02-04 19:53:42'),(95,'https://mandraw.noho.st/monica/api/contacts/24/activities?page=1','GET','85.190.89.66','2024-02-04 21:01:58','2024-02-04 21:01:58'),(96,'https://mandraw.noho.st/monica/api/contacts/23/activities?page=1','GET','85.190.89.66','2024-02-04 21:03:10','2024-02-04 21:03:10'),(97,'https://mandraw.noho.st/monica/api/contacts/23/activities?page=1','GET','85.190.89.66','2024-02-04 21:03:21','2024-02-04 21:03:21'),(98,'https://mandraw.noho.st/monica/api/contacts/25/activities?page=1','GET','185.161.171.33','2024-05-19 13:03:57','2024-05-19 13:03:57'),(99,'https://mandraw.noho.st/monica/api/contacts/25/activities?page=1','GET','185.161.171.33','2024-05-19 13:04:22','2024-05-19 13:04:22'),(100,'https://mandraw.noho.st/monica/api/contacts/25/activities?page=1','GET','185.161.171.16','2024-05-20 17:25:45','2024-05-20 17:25:45'),(101,'https://mandraw.noho.st/monica/api/contacts/25/activities?page=1','GET','85.190.89.177','2024-05-21 14:48:54','2024-05-21 14:48:54');

--
-- Table structure for table `audit_logs`
--

CREATE TABLE `audit_logs` (
  `id` bigint(20) unsigned NOT NULL AUTO_INCREMENT,
  `account_id` int(10) unsigned NOT NULL,
  `author_id` int(10) unsigned DEFAULT NULL,
  `about_contact_id` int(10) unsigned DEFAULT NULL,
  `author_name` varchar(255) NOT NULL,
  `action` varchar(255) NOT NULL,
  `objects` text NOT NULL,
  `audited_at` datetime NOT NULL,
  `should_appear_on_dashboard` tinyint(1) NOT NULL DEFAULT 0,
  `created_at` timestamp NULL DEFAULT NULL,
  `updated_at` timestamp NULL DEFAULT NULL,
  PRIMARY KEY (`id`),
  KEY `audit_logs_account_id_foreign` (`account_id`),
  KEY `audit_logs_author_id_foreign` (`author_id`),
  KEY `audit_logs_about_contact_id_foreign` (`about_contact_id`),
  CONSTRAINT `audit_logs_about_contact_id_foreign` FOREIGN KEY (`about_contact_id`) REFERENCES `contacts` (`id`) ON DELETE SET NULL,
  CONSTRAINT `audit_logs_account_id_foreign` FOREIGN KEY (`account_id`) REFERENCES `accounts` (`id`) ON DELETE CASCADE,
  CONSTRAINT `audit_logs_author_id_foreign` FOREIGN KEY (`author_id`) REFERENCES `users` (`id`) ON DELETE SET NULL
) ENGINE=InnoDB AUTO_INCREMENT=42 DEFAULT CHARSET=utf8mb4 COLLATE=utf8mb4_unicode_ci;

--
-- Dumping data for table `audit_logs`
--

INSERT INTO `audit_logs` VALUES (1,3,3,1,'John Doe','contact_created','{\"contact_name\":\"Raeyamoon (Raeya)\",\"contact_id\":1}','2024-01-03 00:53:18',1,'2024-01-03 00:53:18','2024-01-03 00:53:18'),(2,3,3,2,'John Doe','contact_created','{\"contact_name\":\"R3zzy_exe (Rezzy)\",\"contact_id\":2}','2024-01-03 00:54:44',1,'2024-01-03 00:54:44','2024-01-03 00:54:44'),(3,3,3,3,'John Doe','contact_created','{\"contact_name\":\"TheForebringer (Fore)\",\"contact_id\":3}','2024-01-03 01:18:23',1,'2024-01-03 01:18:23','2024-01-03 01:18:23'),(4,3,3,4,'John Doe','contact_created','{\"contact_name\":\"Raydel (Raydel)\",\"contact_id\":4}','2024-01-03 01:18:38',1,'2024-01-03 01:18:38','2024-01-03 01:18:38'),(5,3,3,5,'John Doe','contact_created','{\"contact_name\":\"Himmie (Himmers)\",\"contact_id\":5}','2024-01-03 01:18:59',1,'2024-01-03 01:18:59','2024-01-03 01:18:59'),(6,3,3,6,'John Doe','contact_created','{\"contact_name\":\"Gilphchen (Gilph)\",\"contact_id\":6}','2024-01-03 01:19:27',1,'2024-01-03 01:19:27','2024-01-03 01:19:27'),(7,3,3,7,'John Doe','contact_created','{\"contact_name\":\"Ryan (Ryan)\",\"contact_id\":7}','2024-01-03 01:21:07',1,'2024-01-03 01:21:07','2024-01-03 01:21:07'),(8,3,3,8,'John Doe','contact_created','{\"contact_name\":\"MiloAndVe (Milo)\",\"contact_id\":8}','2024-01-03 01:25:45',1,'2024-01-03 01:25:45','2024-01-03 01:25:45'),(9,3,3,9,'John Doe','contact_created','{\"contact_name\":\"CandlesVt (Candles)\",\"contact_id\":9}','2024-01-03 01:29:57',1,'2024-01-03 01:29:57','2024-01-03 01:29:57'),(10,3,3,10,'John Doe','contact_created','{\"contact_name\":\"RibstheGoblin (Ribs)\",\"contact_id\":10}','2024-01-03 01:34:27',1,'2024-01-03 01:34:27','2024-01-03 01:34:27'),(11,3,3,10,'John Doe','contact_description_cleared','{\"contact_name\":\"RibstheGoblin (Ribs)\",\"contact_id\":10}','2024-01-03 01:36:12',1,'2024-01-03 01:36:12','2024-01-03 01:36:12'),(12,3,3,11,'John Doe','contact_created','{\"contact_name\":\"Grumlarkin\",\"contact_id\":11}','2024-01-05 05:35:58',1,'2024-01-05 05:35:58','2024-01-05 05:35:58'),(13,3,3,11,'John Doe','contact_description_cleared','{\"contact_name\":\"Grumlarkin\",\"contact_id\":11}','2024-01-05 05:56:21',1,'2024-01-05 05:56:21','2024-01-05 05:56:21'),(14,3,3,12,'John Doe','contact_created','{\"contact_name\":\"Oreami\",\"contact_id\":12}','2024-01-05 05:57:03',1,'2024-01-05 05:57:03','2024-01-05 05:57:03'),(15,3,3,13,'John Doe','contact_created','{\"contact_name\":\"Hihsasuke (Sookie)\",\"contact_id\":13}','2024-01-05 06:11:55',1,'2024-01-05 06:11:55','2024-01-05 06:11:55'),(16,3,3,14,'John Doe','contact_created','{\"contact_name\":\"ArtxesSprinkles (Art)\",\"contact_id\":14}','2024-01-07 01:53:41',1,'2024-01-07 01:53:41','2024-01-07 01:53:41'),(17,3,3,14,'John Doe','contact_description_cleared','{\"contact_name\":\"ArtxesSprinkles (Art)\",\"contact_id\":14}','2024-01-07 01:55:36',1,'2024-01-07 01:55:36','2024-01-07 01:55:36'),(18,3,3,15,'John Doe','contact_created','{\"contact_name\":\"OnlySenpaii (Senpaii)\",\"contact_id\":15}','2024-01-07 01:58:08',1,'2024-01-07 01:58:08','2024-01-07 01:58:08'),(19,3,3,16,'John Doe','contact_created','{\"contact_name\":\"Hony_Beea (Beea)\",\"contact_id\":16}','2024-01-07 02:00:32',1,'2024-01-07 02:00:32','2024-01-07 02:00:32'),(20,3,3,16,'John Doe','contact_description_cleared','{\"contact_name\":\"Hony_Beea (Beea)\",\"contact_id\":16}','2024-01-07 02:07:07',1,'2024-01-07 02:07:07','2024-01-07 02:07:07'),(21,3,3,17,'John Doe','contact_created','{\"contact_name\":\"Dad_Knight (Dad)\",\"contact_id\":17}','2024-01-07 02:13:28',1,'2024-01-07 02:13:28','2024-01-07 02:13:28'),(22,3,3,3,'John Doe','contact_description_cleared','{\"contact_name\":\"TheForebringer (Fore)\",\"contact_id\":3}','2024-01-09 16:02:58',1,'2024-01-09 16:02:58','2024-01-09 16:02:58'),(23,3,3,3,'John Doe','contact_description_cleared','{\"contact_name\":\"TheForebringer (Fore)\",\"contact_id\":3}','2024-01-09 16:03:07',1,'2024-01-09 16:03:07','2024-01-09 16:03:07'),(24,3,3,2,'John Doe','contact_description_cleared','{\"contact_name\":\"R3zzy_exe (Rezzy)\",\"contact_id\":2}','2024-01-09 16:04:04',1,'2024-01-09 16:04:04','2024-01-09 16:04:04'),(25,3,3,2,'John Doe','contact_description_cleared','{\"contact_name\":\"R3zzy_exe (Rezzy)\",\"contact_id\":2}','2024-01-09 16:04:10',1,'2024-01-09 16:04:10','2024-01-09 16:04:10'),(26,3,3,7,'John Doe','contact_description_cleared','{\"contact_name\":\"Ryan (Ryan)\",\"contact_id\":7}','2024-01-09 16:45:29',1,'2024-01-09 16:45:29','2024-01-09 16:45:29'),(27,3,3,18,'John Doe','contact_created','{\"contact_name\":\"Feydruidia (Fey)\",\"contact_id\":18}','2024-01-10 09:59:14',1,'2024-01-10 09:59:14','2024-01-10 09:59:14'),(28,3,3,18,'John Doe','contact_description_cleared','{\"contact_name\":\"Feydruidia (Fey)\",\"contact_id\":18}','2024-01-10 09:59:35',1,'2024-01-10 09:59:35','2024-01-10 09:59:35'),(29,3,3,19,'John Doe','contact_created','{\"contact_name\":\"ReactiveCupid93\",\"contact_id\":19}','2024-01-10 10:08:14',1,'2024-01-10 10:08:14','2024-01-10 10:08:14'),(30,3,3,20,'John Doe','contact_created','{\"contact_name\":\"Zoebaskervillevt (Zoe)\",\"contact_id\":20}','2024-01-10 10:23:51',1,'2024-01-10 10:23:51','2024-01-10 10:23:51'),(31,3,3,21,'John Doe','contact_created','{\"contact_name\":\"The_Dummiest_Demon (Hex)\",\"contact_id\":21}','2024-01-10 17:31:41',1,'2024-01-10 17:31:41','2024-01-10 17:31:41'),(32,3,3,6,'John Doe','contact_description_cleared','{\"contact_name\":\"Gilphchen (Gilph)\",\"contact_id\":6}','2024-01-11 06:02:55',1,'2024-01-11 06:02:55','2024-01-11 06:02:55'),(33,3,3,21,'John Doe','contact_description_cleared','{\"contact_name\":\"The_Dummiest_Demon (Hex)\",\"contact_id\":21}','2024-01-16 12:25:01',1,'2024-01-16 12:25:01','2024-01-16 12:25:01'),(34,3,3,21,'John Doe','contact_description_cleared','{\"contact_name\":\"The_Dummiest_Demon (Hex)\",\"contact_id\":21}','2024-01-16 12:25:06',1,'2024-01-16 12:25:06','2024-01-16 12:25:06'),(35,3,3,22,'John Doe','contact_created','{\"contact_name\":\"ExEro (Henry)\",\"contact_id\":22}','2024-01-20 15:31:33',1,'2024-01-20 15:31:33','2024-01-20 15:31:33'),(36,3,3,22,'John Doe','contact_description_cleared','{\"contact_name\":\"ExEro (Henry)\",\"contact_id\":22}','2024-01-20 16:01:25',1,'2024-01-20 16:01:25','2024-01-20 16:01:25'),(37,3,3,23,'John Doe','contact_created','{\"contact_name\":\"LuceBreaks (Luce)\",\"contact_id\":23}','2024-02-04 18:47:04',1,'2024-02-04 18:47:04','2024-02-04 18:47:04'),(38,3,3,24,'John Doe','contact_created','{\"contact_name\":\"PartTimeKadence (Kadence)\",\"contact_id\":24}','2024-02-04 19:53:41',1,'2024-02-04 19:53:41','2024-02-04 19:53:41'),(39,3,3,23,'John Doe','contact_description_cleared','{\"contact_name\":\"LuceBreaks (Luce)\",\"contact_id\":23}','2024-02-04 21:03:18',1,'2024-02-04 21:03:18','2024-02-04 21:03:18'),(40,3,3,25,'Mai Dragora','contact_created','{\"contact_name\":\"Max (Max)\",\"contact_id\":25}','2024-05-19 14:03:55',1,'2024-05-19 13:03:55','2024-05-19 13:03:55'),(41,3,3,25,'Mai Dragora','contact_description_cleared','{\"contact_name\":\"Max (Max)\",\"contact_id\":25}','2024-05-19 14:04:21',1,'2024-05-19 13:04:21','2024-05-19 13:04:21');

--
-- Table structure for table `cache`
--

CREATE TABLE `cache` (
  `key` varchar(255) NOT NULL,
  `value` text NOT NULL,
  `expiration` int(11) NOT NULL,
  UNIQUE KEY `cache_key_unique` (`key`)
) ENGINE=InnoDB DEFAULT CHARSET=utf8mb4 COLLATE=utf8mb4_unicode_ci;

--
-- Dumping data for table `cache`
--

INSERT INTO `cache` VALUES ('laravel_cacheadorable.0d6de56532759c4fd191610e5b99bba2c8a58ed42b124ee3042ab10f6f4b0aac','s:14010:\"data:image/png;base64,[encoded data, 13988 characters]\";',2020241110),('laravel_cacheadorable.14b2bdf75caf0201dd419feec489a6c7b7c0b7acdf9547266a14068abeea205c','s:11774:\"data:image/png;base64,[encoded data, 11752 characters]\";',2022432427),('laravel_cacheadorable.15676fc3a894ffee3accf5b64b187487229a797f51f9fbfb979efb9ed1d7993f','s:12686:\"data:image/png;base64,[encoded data, 12664 characters]\";',2019603834),('laravel_cacheadorable.17d2a911f0692c60bb830c069e04c131d15fa2acf35fa4cea5c1e432c701f9e3','s:19426:\"data:image/png;base64,[encoded data, 19404 characters]\";',2019954551),('laravel_cacheadorable.1e2a5af9ceba0ef5410d5f843a1c74567ede1dcb1347aa096f1c780b1ddaf305','s:11842:\"data:image/png;base64,[encoded data, 11820 characters]\";',2021127977),('laravel_cacheadorable.20fe7a44635d3fb912243985ccfcd6cfde811457ef821b12f06c692bf3cd50c9','s:19426:\"data:image/png;base64,[encoded data, 19404 characters]\";',2022440508),('laravel_cacheadorable.25c24b661545a3d703751c5b878d2487e6d838cc1cdab2b32ca65a0f26d8d15b','s:17262:\"data:image/png;base64,[encoded data, 17240 characters]\";',2019952701),('laravel_cacheadorable.3236cfb3541f8a1cb5c7b2efe6e1a22fcc5584ec208c4ceb41fa1ad0b4f35e5a','s:20538:\"data:image/png;base64,[encoded data, 20516 characters]\";',2020767883),('laravel_cacheadorable.3cca8b9c15e15effcf23685a5f49cc068a63e8fd7c4e647bffb1bd6280e08870','s:12846:\"data:image/png;base64,[encoded data, 12824 characters]\";',2019952538),('laravel_cacheadorable.44ad041fe52523dfbba534e3407b94c3200f8f5b344f307525fecf4056f7f9fa','s:16222:\"data:image/png;base64,[encoded data, 16200 characters]\";',2019797740),('laravel_cacheadorable.5243797151b60936f93607df431c1c0a14a2dfb5cbb4baff578cb04c29eb6aa2','s:17638:\"data:image/png;base64,[encoded data, 17616 characters]\";',2019793182),('laravel_cacheadorable.5680ed12b5d29fbec42dc58bdad5917d9d922564c0a4e6894e2737ecbfad9d82','s:14010:\"data:image/png;base64,[encoded data, 13988 characters]\";',2019952835),('laravel_cacheadorable.5c065f55d30825f12422f7d3012418052e8d9d0dac920554ef97bb6d896a1c78','s:14266:\"data:image/png;base64,[encoded data, 14244 characters]\";',2019604995),('laravel_cacheadorable.6f3924bf0b12938e5c5b008bd3accbde9978c692e811ddcfede00d4025d99838','s:13362:\"data:image/png;base64,[encoded data, 13340 characters]\";',2019794239),('laravel_cacheadorable.82b9040d2a0b0dcbfdefe7bc568dd33dcb0212df9cb740b8976a1e0126e81809','s:24162:\"data:image/png;base64,[encoded data, 24140 characters]\";',2020241323),('laravel_cacheadorable.8c9cc6dc3d26086ec13e122d4c8dddb50fc5f6f580d63ca4e5c7b15852cedb3a','s:13246:\"data:image/png;base64,[encoded data, 13224 characters]\";',2019605474),('laravel_cacheadorable.bd0914bbb465388b11e99a95874164fc599d3a80ca7623c0d4f1da4cff37f1d8','s:16970:\"data:image/png;base64,[encoded data, 16948 characters]\";',2019605273),('laravel_cacheadorable.d26dc4e8f02609f84ab1f4c65045ea7ec5468a26fb8f3ef48715da8cc37087c7','s:13322:\"data:image/png;base64,[encoded data, 13300 characters]\";',2019605161),('laravel_cacheadorable.d334fe212cf13b3533b6e5f76368f49e553051020b21f4c5349ec6eb6cc82446','s:21206:\"data:image/png;base64,[encoded data, 21184 characters]\";',2020242323),('laravel_cacheadorable.d3421fec9b7ff0f71aed8d224d098096db56f9e90fb995dc023c9dd37cbc377a','s:16842:\"data:image/png;base64,[encoded data, 16820 characters]\";',2019605670),('laravel_cacheadorable.d3abf8d59922a8be63dc1e4c9ac6c936e4048aa8acd6d9b8e9211bb35390b3cc','s:16222:\"data:image/png;base64,[encoded data, 16200 characters]\";',2019605087),('laravel_cacheadorable.d700791160721d12634b763f42f773f00dd9a83f82356a7500dc9bfc31f383a4','s:17682:\"data:image/png;base64,[encoded data, 17660 characters]\";',2020241044),('laravel_cacheadorable.f1486db86c59a223abb756759c76de357cb65a35c14896bf326e0c74ad8b0f5d','s:14778:\"data:image/png;base64,[encoded data, 14756 characters]\";',2020240949),('laravel_cacheadorable.f3eb99856410c61794aab689ae59db37acd9cc7b7e3573775f70864fbe6c7270','s:16078:\"data:image/png;base64,[encoded data, 16056 characters]\";',2019603346),('laravel_cachecountries.en','O:29:\"Illuminate\\Support\\Collection\":2:{s:8:\"\0*\0items\";a:250:{s:2:\"af\";a:2:{s:2:\"id\";s:2:\"AF\";s:7:\"country\";s:11:\"Afghanistan\";}s:2:\"ax\";a:2:{s:2:\"id\";s:2:\"AX\";s:7:\"country\";s:14:\"Åland Islands\";}s:2:\"al\";a:2:{s:2:\"id\";s:2:\"AL\";s:7:\"country\";s:7:\"Albania\";}s:2:\"dz\";a:2:{s:2:\"id\";s:2:\"DZ\";s:7:\"country\";s:7:\"Algeria\";}s:2:\"as\";a:2:{s:2:\"id\";s:2:\"AS\";s:7:\"country\";s:14:\"American Samoa\";}s:2:\"ad\";a:2:{s:2:\"id\";s:2:\"AD\";s:7:\"country\";s:7:\"Andorra\";}s:2:\"ao\";a:2:{s:2:\"id\";s:2:\"AO\";s:7:\"country\";s:6:\"Angola\";}s:2:\"ai\";a:2:{s:2:\"id\";s:2:\"AI\";s:7:\"country\";s:8:\"Anguilla\";}s:2:\"aq\";a:2:{s:2:\"id\";s:2:\"AQ\";s:7:\"country\";s:10:\"Antarctica\";}s:2:\"ag\";a:2:{s:2:\"id\";s:2:\"AG\";s:7:\"country\";s:19:\"Antigua and Barbuda\";}s:2:\"ar\";a:2:{s:2:\"id\";s:2:\"AR\";s:7:\"country\";s:9:\"Argentina\";}s:2:\"am\";a:2:{s:2:\"id\";s:2:\"AM\";s:7:\"country\";s:7:\"Armenia\";}s:2:\"aw\";a:2:{s:2:\"id\";s:2:\"AW\";s:7:\"country\";s:5:\"Aruba\";}s:2:\"au\";a:2:{s:2:\"id\";s:2:\"AU\";s:7:\"country\";s:9:\"Australia\";}s:2:\"at\";a:2:{s:2:\"id\";s:2:\"AT\";s:7:\"country\";s:7:\"Austria\";}s:2:\"az\";a:2:{s:2:\"id\";s:2:\"AZ\";s:7:\"country\";s:10:\"Azerbaijan\";}s:2:\"bs\";a:2:{s:2:\"id\";s:2:\"BS\";s:7:\"country\";s:7:\"Bahamas\";}s:2:\"bh\";a:2:{s:2:\"id\";s:2:\"BH\";s:7:\"country\";s:7:\"Bahrain\";}s:2:\"bd\";a:2:{s:2:\"id\";s:2:\"BD\";s:7:\"country\";s:10:\"Bangladesh\";}s:2:\"bb\";a:2:{s:2:\"id\";s:2:\"BB\";s:7:\"country\";s:8:\"Barbados\";}s:2:\"by\";a:2:{s:2:\"id\";s:2:\"BY\";s:7:\"country\";s:7:\"Belarus\";}s:2:\"be\";a:2:{s:2:\"id\";s:2:\"BE\";s:7:\"country\";s:7:\"Belgium\";}s:2:\"bz\";a:2:{s:2:\"id\";s:2:\"BZ\";s:7:\"country\";s:6:\"Belize\";}s:2:\"bj\";a:2:{s:2:\"id\";s:2:\"BJ\";s:7:\"country\";s:5:\"Benin\";}s:2:\"bm\";a:2:{s:2:\"id\";s:2:\"BM\";s:7:\"country\";s:7:\"Bermuda\";}s:2:\"bt\";a:2:{s:2:\"id\";s:2:\"BT\";s:7:\"country\";s:6:\"Bhutan\";}s:2:\"bo\";a:2:{s:2:\"id\";s:2:\"BO\";s:7:\"country\";s:7:\"Bolivia\";}s:2:\"ba\";a:2:{s:2:\"id\";s:2:\"BA\";s:7:\"country\";s:22:\"Bosnia and Herzegovina\";}s:2:\"bw\";a:2:{s:2:\"id\";s:2:\"BW\";s:7:\"country\";s:8:\"Botswana\";}s:2:\"bv\";a:2:{s:2:\"id\";s:2:\"BV\";s:7:\"country\";s:13:\"Bouvet Island\";}s:2:\"br\";a:2:{s:2:\"id\";s:2:\"BR\";s:7:\"country\";s:6:\"Brazil\";}s:2:\"io\";a:2:{s:2:\"id\";s:2:\"IO\";s:7:\"country\";s:30:\"British Indian Ocean Territory\";}s:2:\"vg\";a:2:{s:2:\"id\";s:2:\"VG\";s:7:\"country\";s:22:\"British Virgin Islands\";}s:2:\"bn\";a:2:{s:2:\"id\";s:2:\"BN\";s:7:\"country\";s:6:\"Brunei\";}s:2:\"bg\";a:2:{s:2:\"id\";s:2:\"BG\";s:7:\"country\";s:8:\"Bulgaria\";}s:2:\"bf\";a:2:{s:2:\"id\";s:2:\"BF\";s:7:\"country\";s:12:\"Burkina Faso\";}s:2:\"bi\";a:2:{s:2:\"id\";s:2:\"BI\";s:7:\"country\";s:7:\"Burundi\";}s:2:\"kh\";a:2:{s:2:\"id\";s:2:\"KH\";s:7:\"country\";s:8:\"Cambodia\";}s:2:\"cm\";a:2:{s:2:\"id\";s:2:\"CM\";s:7:\"country\";s:8:\"Cameroon\";}s:2:\"ca\";a:2:{s:2:\"id\";s:2:\"CA\";s:7:\"country\";s:6:\"Canada\";}s:2:\"cv\";a:2:{s:2:\"id\";s:2:\"CV\";s:7:\"country\";s:10:\"Cape Verde\";}s:2:\"bq\";a:2:{s:2:\"id\";s:2:\"BQ\";s:7:\"country\";s:21:\"Caribbean Netherlands\";}s:2:\"ky\";a:2:{s:2:\"id\";s:2:\"KY\";s:7:\"country\";s:14:\"Cayman Islands\";}s:2:\"cf\";a:2:{s:2:\"id\";s:2:\"CF\";s:7:\"country\";s:24:\"Central African Republic\";}s:2:\"td\";a:2:{s:2:\"id\";s:2:\"TD\";s:7:\"country\";s:4:\"Chad\";}s:2:\"cl\";a:2:{s:2:\"id\";s:2:\"CL\";s:7:\"country\";s:5:\"Chile\";}s:2:\"cn\";a:2:{s:2:\"id\";s:2:\"CN\";s:7:\"country\";s:5:\"China\";}s:2:\"cx\";a:2:{s:2:\"id\";s:2:\"CX\";s:7:\"country\";s:16:\"Christmas Island\";}s:2:\"cc\";a:2:{s:2:\"id\";s:2:\"CC\";s:7:\"country\";s:23:\"Cocos (Keeling) Islands\";}s:2:\"co\";a:2:{s:2:\"id\";s:2:\"CO\";s:7:\"country\";s:8:\"Colombia\";}s:2:\"km\";a:2:{s:2:\"id\";s:2:\"KM\";s:7:\"country\";s:7:\"Comoros\";}s:2:\"ck\";a:2:{s:2:\"id\";s:2:\"CK\";s:7:\"country\";s:12:\"Cook Islands\";}s:2:\"cr\";a:2:{s:2:\"id\";s:2:\"CR\";s:7:\"country\";s:10:\"Costa Rica\";}s:2:\"hr\";a:2:{s:2:\"id\";s:2:\"HR\";s:7:\"country\";s:7:\"Croatia\";}s:2:\"cu\";a:2:{s:2:\"id\";s:2:\"CU\";s:7:\"country\";s:4:\"Cuba\";}s:2:\"cw\";a:2:{s:2:\"id\";s:2:\"CW\";s:7:\"country\";s:8:\"Curaçao\";}s:2:\"cy\";a:2:{s:2:\"id\";s:2:\"CY\";s:7:\"country\";s:6:\"Cyprus\";}s:2:\"cz\";a:2:{s:2:\"id\";s:2:\"CZ\";s:7:\"country\";s:14:\"Czech Republic\";}s:2:\"dk\";a:2:{s:2:\"id\";s:2:\"DK\";s:7:\"country\";s:7:\"Denmark\";}s:2:\"dj\";a:2:{s:2:\"id\";s:2:\"DJ\";s:7:\"country\";s:8:\"Djibouti\";}s:2:\"dm\";a:2:{s:2:\"id\";s:2:\"DM\";s:7:\"country\";s:8:\"Dominica\";}s:2:\"do\";a:2:{s:2:\"id\";s:2:\"DO\";s:7:\"country\";s:18:\"Dominican Republic\";}s:2:\"cd\";a:2:{s:2:\"id\";s:2:\"CD\";s:7:\"country\";s:8:\"DR Congo\";}s:2:\"ec\";a:2:{s:2:\"id\";s:2:\"EC\";s:7:\"country\";s:7:\"Ecuador\";}s:2:\"eg\";a:2:{s:2:\"id\";s:2:\"EG\";s:7:\"country\";s:5:\"Egypt\";}s:2:\"sv\";a:2:{s:2:\"id\";s:2:\"SV\";s:7:\"country\";s:11:\"El Salvador\";}s:2:\"gq\";a:2:{s:2:\"id\";s:2:\"GQ\";s:7:\"country\";s:17:\"Equatorial Guinea\";}s:2:\"er\";a:2:{s:2:\"id\";s:2:\"ER\";s:7:\"country\";s:7:\"Eritrea\";}s:2:\"ee\";a:2:{s:2:\"id\";s:2:\"EE\";s:7:\"country\";s:7:\"Estonia\";}s:2:\"et\";a:2:{s:2:\"id\";s:2:\"ET\";s:7:\"country\";s:8:\"Ethiopia\";}s:2:\"fk\";a:2:{s:2:\"id\";s:2:\"FK\";s:7:\"country\";s:16:\"Falkland Islands\";}s:2:\"fo\";a:2:{s:2:\"id\";s:2:\"FO\";s:7:\"country\";s:13:\"Faroe Islands\";}s:2:\"fj\";a:2:{s:2:\"id\";s:2:\"FJ\";s:7:\"country\";s:4:\"Fiji\";}s:2:\"fi\";a:2:{s:2:\"id\";s:2:\"FI\";s:7:\"country\";s:7:\"Finland\";}s:2:\"fr\";a:2:{s:2:\"id\";s:2:\"FR\";s:7:\"country\";s:6:\"France\";}s:2:\"gf\";a:2:{s:2:\"id\";s:2:\"GF\";s:7:\"country\";s:13:\"French Guiana\";}s:2:\"pf\";a:2:{s:2:\"id\";s:2:\"PF\";s:7:\"country\";s:16:\"French Polynesia\";}s:2:\"tf\";a:2:{s:2:\"id\";s:2:\"TF\";s:7:\"country\";s:35:\"French Southern and Antarctic Lands\";}s:2:\"ga\";a:2:{s:2:\"id\";s:2:\"GA\";s:7:\"country\";s:5:\"Gabon\";}s:2:\"gm\";a:2:{s:2:\"id\";s:2:\"GM\";s:7:\"country\";s:6:\"Gambia\";}s:2:\"ge\";a:2:{s:2:\"id\";s:2:\"GE\";s:7:\"country\";s:7:\"Georgia\";}s:2:\"de\";a:2:{s:2:\"id\";s:2:\"DE\";s:7:\"country\";s:7:\"Germany\";}s:2:\"gh\";a:2:{s:2:\"id\";s:2:\"GH\";s:7:\"country\";s:5:\"Ghana\";}s:2:\"gi\";a:2:{s:2:\"id\";s:2:\"GI\";s:7:\"country\";s:9:\"Gibraltar\";}s:2:\"gr\";a:2:{s:2:\"id\";s:2:\"GR\";s:7:\"country\";s:6:\"Greece\";}s:2:\"gl\";a:2:{s:2:\"id\";s:2:\"GL\";s:7:\"country\";s:9:\"Greenland\";}s:2:\"gd\";a:2:{s:2:\"id\";s:2:\"GD\";s:7:\"country\";s:7:\"Grenada\";}s:2:\"gp\";a:2:{s:2:\"id\";s:2:\"GP\";s:7:\"country\";s:10:\"Guadeloupe\";}s:2:\"gu\";a:2:{s:2:\"id\";s:2:\"GU\";s:7:\"country\";s:4:\"Guam\";}s:2:\"gt\";a:2:{s:2:\"id\";s:2:\"GT\";s:7:\"country\";s:9:\"Guatemala\";}s:2:\"gg\";a:2:{s:2:\"id\";s:2:\"GG\";s:7:\"country\";s:8:\"Guernsey\";}s:2:\"gn\";a:2:{s:2:\"id\";s:2:\"GN\";s:7:\"country\";s:6:\"Guinea\";}s:2:\"gw\";a:2:{s:2:\"id\";s:2:\"GW\";s:7:\"country\";s:13:\"Guinea-Bissau\";}s:2:\"gy\";a:2:{s:2:\"id\";s:2:\"GY\";s:7:\"country\";s:6:\"Guyana\";}s:2:\"ht\";a:2:{s:2:\"id\";s:2:\"HT\";s:7:\"country\";s:5:\"Haiti\";}s:2:\"hm\";a:2:{s:2:\"id\";s:2:\"HM\";s:7:\"country\";s:33:\"Heard Island and McDonald Islands\";}s:2:\"hn\";a:2:{s:2:\"id\";s:2:\"HN\";s:7:\"country\";s:8:\"Honduras\";}s:2:\"hk\";a:2:{s:2:\"id\";s:2:\"HK\";s:7:\"country\";s:9:\"Hong Kong\";}s:2:\"hu\";a:2:{s:2:\"id\";s:2:\"HU\";s:7:\"country\";s:7:\"Hungary\";}s:2:\"is\";a:2:{s:2:\"id\";s:2:\"IS\";s:7:\"country\";s:7:\"Iceland\";}s:2:\"in\";a:2:{s:2:\"id\";s:2:\"IN\";s:7:\"country\";s:5:\"India\";}s:2:\"id\";a:2:{s:2:\"id\";s:2:\"ID\";s:7:\"country\";s:9:\"Indonesia\";}s:2:\"ir\";a:2:{s:2:\"id\";s:2:\"IR\";s:7:\"country\";s:4:\"Iran\";}s:2:\"iq\";a:2:{s:2:\"id\";s:2:\"IQ\";s:7:\"country\";s:4:\"Iraq\";}s:2:\"ie\";a:2:{s:2:\"id\";s:2:\"IE\";s:7:\"country\";s:7:\"Ireland\";}s:2:\"im\";a:2:{s:2:\"id\";s:2:\"IM\";s:7:\"country\";s:11:\"Isle of Man\";}s:2:\"il\";a:2:{s:2:\"id\";s:2:\"IL\";s:7:\"country\";s:6:\"Israel\";}s:2:\"it\";a:2:{s:2:\"id\";s:2:\"IT\";s:7:\"country\";s:5:\"Italy\";}s:2:\"ci\";a:2:{s:2:\"id\";s:2:\"CI\";s:7:\"country\";s:11:\"Ivory Coast\";}s:2:\"jm\";a:2:{s:2:\"id\";s:2:\"JM\";s:7:\"country\";s:7:\"Jamaica\";}s:2:\"jp\";a:2:{s:2:\"id\";s:2:\"JP\";s:7:\"country\";s:5:\"Japan\";}s:2:\"je\";a:2:{s:2:\"id\";s:2:\"JE\";s:7:\"country\";s:6:\"Jersey\";}s:2:\"jo\";a:2:{s:2:\"id\";s:2:\"JO\";s:7:\"country\";s:6:\"Jordan\";}s:2:\"kz\";a:2:{s:2:\"id\";s:2:\"KZ\";s:7:\"country\";s:10:\"Kazakhstan\";}s:2:\"ke\";a:2:{s:2:\"id\";s:2:\"KE\";s:7:\"country\";s:5:\"Kenya\";}s:2:\"ki\";a:2:{s:2:\"id\";s:2:\"KI\";s:7:\"country\";s:8:\"Kiribati\";}s:2:\"xk\";a:2:{s:2:\"id\";s:2:\"XK\";s:7:\"country\";s:6:\"Kosovo\";}s:2:\"kw\";a:2:{s:2:\"id\";s:2:\"KW\";s:7:\"country\";s:6:\"Kuwait\";}s:2:\"kg\";a:2:{s:2:\"id\";s:2:\"KG\";s:7:\"country\";s:10:\"Kyrgyzstan\";}s:2:\"la\";a:2:{s:2:\"id\";s:2:\"LA\";s:7:\"country\";s:4:\"Laos\";}s:2:\"lv\";a:2:{s:2:\"id\";s:2:\"LV\";s:7:\"country\";s:6:\"Latvia\";}s:2:\"lb\";a:2:{s:2:\"id\";s:2:\"LB\";s:7:\"country\";s:7:\"Lebanon\";}s:2:\"ls\";a:2:{s:2:\"id\";s:2:\"LS\";s:7:\"country\";s:7:\"Lesotho\";}s:2:\"lr\";a:2:{s:2:\"id\";s:2:\"LR\";s:7:\"country\";s:7:\"Liberia\";}s:2:\"ly\";a:2:{s:2:\"id\";s:2:\"LY\";s:7:\"country\";s:5:\"Libya\";}s:2:\"li\";a:2:{s:2:\"id\";s:2:\"LI\";s:7:\"country\";s:13:\"Liechtenstein\";}s:2:\"lt\";a:2:{s:2:\"id\";s:2:\"LT\";s:7:\"country\";s:9:\"Lithuania\";}s:2:\"lu\";a:2:{s:2:\"id\";s:2:\"LU\";s:7:\"country\";s:10:\"Luxembourg\";}s:2:\"mo\";a:2:{s:2:\"id\";s:2:\"MO\";s:7:\"country\";s:5:\"Macau\";}s:2:\"mk\";a:2:{s:2:\"id\";s:2:\"MK\";s:7:\"country\";s:9:\"Macedonia\";}s:2:\"mg\";a:2:{s:2:\"id\";s:2:\"MG\";s:7:\"country\";s:10:\"Madagascar\";}s:2:\"mw\";a:2:{s:2:\"id\";s:2:\"MW\";s:7:\"country\";s:6:\"Malawi\";}s:2:\"my\";a:2:{s:2:\"id\";s:2:\"MY\";s:7:\"country\";s:8:\"Malaysia\";}s:2:\"mv\";a:2:{s:2:\"id\";s:2:\"MV\";s:7:\"country\";s:8:\"Maldives\";}s:2:\"ml\";a:2:{s:2:\"id\";s:2:\"ML\";s:7:\"country\";s:4:\"Mali\";}s:2:\"mt\";a:2:{s:2:\"id\";s:2:\"MT\";s:7:\"country\";s:5:\"Malta\";}s:2:\"mh\";a:2:{s:2:\"id\";s:2:\"MH\";s:7:\"country\";s:16:\"Marshall Islands\";}s:2:\"mq\";a:2:{s:2:\"id\";s:2:\"MQ\";s:7:\"country\";s:10:\"Martinique\";}s:2:\"mr\";a:2:{s:2:\"id\";s:2:\"MR\";s:7:\"country\";s:10:\"Mauritania\";}s:2:\"mu\";a:2:{s:2:\"id\";s:2:\"MU\";s:7:\"country\";s:9:\"Mauritius\";}s:2:\"yt\";a:2:{s:2:\"id\";s:2:\"YT\";s:7:\"country\";s:7:\"Mayotte\";}s:2:\"mx\";a:2:{s:2:\"id\";s:2:\"MX\";s:7:\"country\";s:6:\"Mexico\";}s:2:\"fm\";a:2:{s:2:\"id\";s:2:\"FM\";s:7:\"country\";s:10:\"Micronesia\";}s:2:\"md\";a:2:{s:2:\"id\";s:2:\"MD\";s:7:\"country\";s:7:\"Moldova\";}s:2:\"mc\";a:2:{s:2:\"id\";s:2:\"MC\";s:7:\"country\";s:6:\"Monaco\";}s:2:\"mn\";a:2:{s:2:\"id\";s:2:\"MN\";s:7:\"country\";s:8:\"Mongolia\";}s:2:\"me\";a:2:{s:2:\"id\";s:2:\"ME\";s:7:\"country\";s:10:\"Montenegro\";}s:2:\"ms\";a:2:{s:2:\"id\";s:2:\"MS\";s:7:\"country\";s:10:\"Montserrat\";}s:2:\"ma\";a:2:{s:2:\"id\";s:2:\"MA\";s:7:\"country\";s:7:\"Morocco\";}s:2:\"mz\";a:2:{s:2:\"id\";s:2:\"MZ\";s:7:\"country\";s:10:\"Mozambique\";}s:2:\"mm\";a:2:{s:2:\"id\";s:2:\"MM\";s:7:\"country\";s:7:\"Myanmar\";}s:2:\"na\";a:2:{s:2:\"id\";s:2:\"NA\";s:7:\"country\";s:7:\"Namibia\";}s:2:\"nr\";a:2:{s:2:\"id\";s:2:\"NR\";s:7:\"country\";s:5:\"Nauru\";}s:2:\"np\";a:2:{s:2:\"id\";s:2:\"NP\";s:7:\"country\";s:5:\"Nepal\";}s:2:\"nl\";a:2:{s:2:\"id\";s:2:\"NL\";s:7:\"country\";s:11:\"Netherlands\";}s:2:\"nc\";a:2:{s:2:\"id\";s:2:\"NC\";s:7:\"country\";s:13:\"New Caledonia\";}s:2:\"nz\";a:2:{s:2:\"id\";s:2:\"NZ\";s:7:\"country\";s:11:\"New Zealand\";}s:2:\"ni\";a:2:{s:2:\"id\";s:2:\"NI\";s:7:\"country\";s:9:\"Nicaragua\";}s:2:\"ne\";a:2:{s:2:\"id\";s:2:\"NE\";s:7:\"country\";s:5:\"Niger\";}s:2:\"ng\";a:2:{s:2:\"id\";s:2:\"NG\";s:7:\"country\";s:7:\"Nigeria\";}s:2:\"nu\";a:2:{s:2:\"id\";s:2:\"NU\";s:7:\"country\";s:4:\"Niue\";}s:2:\"nf\";a:2:{s:2:\"id\";s:2:\"NF\";s:7:\"country\";s:14:\"Norfolk Island\";}s:2:\"kp\";a:2:{s:2:\"id\";s:2:\"KP\";s:7:\"country\";s:11:\"North Korea\";}s:2:\"mp\";a:2:{s:2:\"id\";s:2:\"MP\";s:7:\"country\";s:24:\"Northern Mariana Islands\";}s:2:\"no\";a:2:{s:2:\"id\";s:2:\"NO\";s:7:\"country\";s:6:\"Norway\";}s:2:\"om\";a:2:{s:2:\"id\";s:2:\"OM\";s:7:\"country\";s:4:\"Oman\";}s:2:\"pk\";a:2:{s:2:\"id\";s:2:\"PK\";s:7:\"country\";s:8:\"Pakistan\";}s:2:\"pw\";a:2:{s:2:\"id\";s:2:\"PW\";s:7:\"country\";s:5:\"Palau\";}s:2:\"ps\";a:2:{s:2:\"id\";s:2:\"PS\";s:7:\"country\";s:9:\"Palestine\";}s:2:\"pa\";a:2:{s:2:\"id\";s:2:\"PA\";s:7:\"country\";s:6:\"Panama\";}s:2:\"pg\";a:2:{s:2:\"id\";s:2:\"PG\";s:7:\"country\";s:16:\"Papua New Guinea\";}s:2:\"py\";a:2:{s:2:\"id\";s:2:\"PY\";s:7:\"country\";s:8:\"Paraguay\";}s:2:\"pe\";a:2:{s:2:\"id\";s:2:\"PE\";s:7:\"country\";s:4:\"Peru\";}s:2:\"ph\";a:2:{s:2:\"id\";s:2:\"PH\";s:7:\"country\";s:11:\"Philippines\";}s:2:\"pn\";a:2:{s:2:\"id\";s:2:\"PN\";s:7:\"country\";s:16:\"Pitcairn Islands\";}s:2:\"pl\";a:2:{s:2:\"id\";s:2:\"PL\";s:7:\"country\";s:6:\"Poland\";}s:2:\"pt\";a:2:{s:2:\"id\";s:2:\"PT\";s:7:\"country\";s:8:\"Portugal\";}s:2:\"pr\";a:2:{s:2:\"id\";s:2:\"PR\";s:7:\"country\";s:11:\"Puerto Rico\";}s:2:\"qa\";a:2:{s:2:\"id\";s:2:\"QA\";s:7:\"country\";s:5:\"Qatar\";}s:2:\"cg\";a:2:{s:2:\"id\";s:2:\"CG\";s:7:\"country\";s:21:\"Republic of the Congo\";}s:2:\"re\";a:2:{s:2:\"id\";s:2:\"RE\";s:7:\"country\";s:8:\"Réunion\";}s:2:\"ro\";a:2:{s:2:\"id\";s:2:\"RO\";s:7:\"country\";s:7:\"Romania\";}s:2:\"ru\";a:2:{s:2:\"id\";s:2:\"RU\";s:7:\"country\";s:6:\"Russia\";}s:2:\"rw\";a:2:{s:2:\"id\";s:2:\"RW\";s:7:\"country\";s:6:\"Rwanda\";}s:2:\"bl\";a:2:{s:2:\"id\";s:2:\"BL\";s:7:\"country\";s:17:\"Saint Barthélemy\";}s:2:\"sh\";a:2:{s:2:\"id\";s:2:\"SH\";s:7:\"country\";s:12:\"Saint Helena\";}s:2:\"kn\";a:2:{s:2:\"id\";s:2:\"KN\";s:7:\"country\";s:21:\"Saint Kitts and Nevis\";}s:2:\"lc\";a:2:{s:2:\"id\";s:2:\"LC\";s:7:\"country\";s:11:\"Saint Lucia\";}s:2:\"mf\";a:2:{s:2:\"id\";s:2:\"MF\";s:7:\"country\";s:12:\"Saint Martin\";}s:2:\"pm\";a:2:{s:2:\"id\";s:2:\"PM\";s:7:\"country\";s:25:\"Saint Pierre and Miquelon\";}s:2:\"vc\";a:2:{s:2:\"id\";s:2:\"VC\";s:7:\"country\";s:32:\"Saint Vincent and the Grenadines\";}s:2:\"ws\";a:2:{s:2:\"id\";s:2:\"WS\";s:7:\"country\";s:5:\"Samoa\";}s:2:\"sm\";a:2:{s:2:\"id\";s:2:\"SM\";s:7:\"country\";s:10:\"San Marino\";}s:2:\"st\";a:2:{s:2:\"id\";s:2:\"ST\";s:7:\"country\";s:24:\"São Tomé and Príncipe\";}s:2:\"sa\";a:2:{s:2:\"id\";s:2:\"SA\";s:7:\"country\";s:12:\"Saudi Arabia\";}s:2:\"sn\";a:2:{s:2:\"id\";s:2:\"SN\";s:7:\"country\";s:7:\"Senegal\";}s:2:\"rs\";a:2:{s:2:\"id\";s:2:\"RS\";s:7:\"country\";s:6:\"Serbia\";}s:2:\"sc\";a:2:{s:2:\"id\";s:2:\"SC\";s:7:\"country\";s:10:\"Seychelles\";}s:2:\"sl\";a:2:{s:2:\"id\";s:2:\"SL\";s:7:\"country\";s:12:\"Sierra Leone\";}s:2:\"sg\";a:2:{s:2:\"id\";s:2:\"SG\";s:7:\"country\";s:9:\"Singapore\";}s:2:\"sx\";a:2:{s:2:\"id\";s:2:\"SX\";s:7:\"country\";s:12:\"Sint Maarten\";}s:2:\"sk\";a:2:{s:2:\"id\";s:2:\"SK\";s:7:\"country\";s:8:\"Slovakia\";}s:2:\"si\";a:2:{s:2:\"id\";s:2:\"SI\";s:7:\"country\";s:8:\"Slovenia\";}s:2:\"sb\";a:2:{s:2:\"id\";s:2:\"SB\";s:7:\"country\";s:15:\"Solomon Islands\";}s:2:\"so\";a:2:{s:2:\"id\";s:2:\"SO\";s:7:\"country\";s:7:\"Somalia\";}s:2:\"za\";a:2:{s:2:\"id\";s:2:\"ZA\";s:7:\"country\";s:12:\"South Africa\";}s:2:\"gs\";a:2:{s:2:\"id\";s:2:\"GS\";s:7:\"country\";s:13:\"South Georgia\";}s:2:\"kr\";a:2:{s:2:\"id\";s:2:\"KR\";s:7:\"country\";s:11:\"South Korea\";}s:2:\"ss\";a:2:{s:2:\"id\";s:2:\"SS\";s:7:\"country\";s:11:\"South Sudan\";}s:2:\"es\";a:2:{s:2:\"id\";s:2:\"ES\";s:7:\"country\";s:5:\"Spain\";}s:2:\"lk\";a:2:{s:2:\"id\";s:2:\"LK\";s:7:\"country\";s:9:\"Sri Lanka\";}s:2:\"sd\";a:2:{s:2:\"id\";s:2:\"SD\";s:7:\"country\";s:5:\"Sudan\";}s:2:\"sr\";a:2:{s:2:\"id\";s:2:\"SR\";s:7:\"country\";s:8:\"Suriname\";}s:2:\"sj\";a:2:{s:2:\"id\";s:2:\"SJ\";s:7:\"country\";s:22:\"Svalbard and Jan Mayen\";}s:2:\"sz\";a:2:{s:2:\"id\";s:2:\"SZ\";s:7:\"country\";s:9:\"Swaziland\";}s:2:\"se\";a:2:{s:2:\"id\";s:2:\"SE\";s:7:\"country\";s:6:\"Sweden\";}s:2:\"ch\";a:2:{s:2:\"id\";s:2:\"CH\";s:7:\"country\";s:11:\"Switzerland\";}s:2:\"sy\";a:2:{s:2:\"id\";s:2:\"SY\";s:7:\"country\";s:5:\"Syria\";}s:2:\"tw\";a:2:{s:2:\"id\";s:2:\"TW\";s:7:\"country\";s:6:\"Taiwan\";}s:2:\"tj\";a:2:{s:2:\"id\";s:2:\"TJ\";s:7:\"country\";s:10:\"Tajikistan\";}s:2:\"tz\";a:2:{s:2:\"id\";s:2:\"TZ\";s:7:\"country\";s:8:\"Tanzania\";}s:2:\"th\";a:2:{s:2:\"id\";s:2:\"TH\";s:7:\"country\";s:8:\"Thailand\";}s:2:\"tl\";a:2:{s:2:\"id\";s:2:\"TL\";s:7:\"country\";s:11:\"Timor-Leste\";}s:2:\"tg\";a:2:{s:2:\"id\";s:2:\"TG\";s:7:\"country\";s:4:\"Togo\";}s:2:\"tk\";a:2:{s:2:\"id\";s:2:\"TK\";s:7:\"country\";s:7:\"Tokelau\";}s:2:\"to\";a:2:{s:2:\"id\";s:2:\"TO\";s:7:\"country\";s:5:\"Tonga\";}s:2:\"tt\";a:2:{s:2:\"id\";s:2:\"TT\";s:7:\"country\";s:19:\"Trinidad and Tobago\";}s:2:\"tn\";a:2:{s:2:\"id\";s:2:\"TN\";s:7:\"country\";s:7:\"Tunisia\";}s:2:\"tr\";a:2:{s:2:\"id\";s:2:\"TR\";s:7:\"country\";s:6:\"Turkey\";}s:2:\"tm\";a:2:{s:2:\"id\";s:2:\"TM\";s:7:\"country\";s:12:\"Turkmenistan\";}s:2:\"tc\";a:2:{s:2:\"id\";s:2:\"TC\";s:7:\"country\";s:24:\"Turks and Caicos Islands\";}s:2:\"tv\";a:2:{s:2:\"id\";s:2:\"TV\";s:7:\"country\";s:6:\"Tuvalu\";}s:2:\"ug\";a:2:{s:2:\"id\";s:2:\"UG\";s:7:\"country\";s:6:\"Uganda\";}s:2:\"ua\";a:2:{s:2:\"id\";s:2:\"UA\";s:7:\"country\";s:7:\"Ukraine\";}s:2:\"ae\";a:2:{s:2:\"id\";s:2:\"AE\";s:7:\"country\";s:20:\"United Arab Emirates\";}s:2:\"gb\";a:2:{s:2:\"id\";s:2:\"GB\";s:7:\"country\";s:14:\"United Kingdom\";}s:2:\"us\";a:2:{s:2:\"id\";s:2:\"US\";s:7:\"country\";s:13:\"United States\";}s:2:\"um\";a:2:{s:2:\"id\";s:2:\"UM\";s:7:\"country\";s:36:\"United States Minor Outlying Islands\";}s:2:\"vi\";a:2:{s:2:\"id\";s:2:\"VI\";s:7:\"country\";s:28:\"United States Virgin Islands\";}s:2:\"uy\";a:2:{s:2:\"id\";s:2:\"UY\";s:7:\"country\";s:7:\"Uruguay\";}s:2:\"uz\";a:2:{s:2:\"id\";s:2:\"UZ\";s:7:\"country\";s:10:\"Uzbekistan\";}s:2:\"vu\";a:2:{s:2:\"id\";s:2:\"VU\";s:7:\"country\";s:7:\"Vanuatu\";}s:2:\"va\";a:2:{s:2:\"id\";s:2:\"VA\";s:7:\"country\";s:12:\"Vatican City\";}s:2:\"ve\";a:2:{s:2:\"id\";s:2:\"VE\";s:7:\"country\";s:9:\"Venezuela\";}s:2:\"vn\";a:2:{s:2:\"id\";s:2:\"VN\";s:7:\"country\";s:7:\"Vietnam\";}s:2:\"wf\";a:2:{s:2:\"id\";s:2:\"WF\";s:7:\"country\";s:17:\"Wallis and Futuna\";}s:2:\"eh\";a:2:{s:2:\"id\";s:2:\"EH\";s:7:\"country\";s:14:\"Western Sahara\";}s:2:\"ye\";a:2:{s:2:\"id\";s:2:\"YE\";s:7:\"country\";s:5:\"Yemen\";}s:2:\"zm\";a:2:{s:2:\"id\";s:2:\"ZM\";s:7:\"country\";s:6:\"Zambia\";}s:2:\"zw\";a:2:{s:2:\"id\";s:2:\"ZW\";s:7:\"country\";s:8:\"Zimbabwe\";}}s:28:\"\0*\0escapeWhenCastingToString\";b:0;}',2019603222),('laravel_cached2bfa8e8b749d2772a21edee7b70a2b3','i:1;',1716306594),('laravel_cached2bfa8e8b749d2772a21edee7b70a2b3:timer','i:1716306594;',1716306594),('laravel_cacheetag./monica/store/avatars/015ebe10-26d3-4db5-a317-9a04fb07db1c.jpg?1704244739','s:40:\"4b13a731c5c7e937048ab813d3ee52977010d23f\";',2019604740),('laravel_cacheetag./monica/store/avatars/1e874ed7-4310-4b23-be01-c07cc9712cc9.jpg?1704434223','s:40:\"e639b46a04e03c1e2cc7e80b49af2c4e576ddc83\";',2019794223),('laravel_cacheetag./monica/store/avatars/1f5ab7f8-eedd-42f3-b7ba-9d6974ff7f1e.jpg?1716127435','s:40:\"dd111243c23fe2885c19886a36be8a33b5781ecc\";',2031487436),('laravel_cacheetag./monica/store/avatars/2cc8cd6b-292f-4649-bc3a-6abbdb4d1ac8.jpg?1704244718','s:40:\"7a5db81692f455f1b45aa8193df63cc545254b5c\";',2019604744),('laravel_cacheetag./monica/store/avatars/33cfba7d-72b2-445d-b997-1e2261ff28fa.jpg?1704244867','s:40:\"6a6b3bb15eec2cbb7bd3c6a19354884c97a22a82\";',2019604867),('laravel_cacheetag./monica/store/avatars/3708dfe9-302d-4c98-8951-8454e76b429c.jpg?1704245145','s:40:\"3c15ed30a74b2d74cb7132b36a5f4bda3bdf5157\";',2019605146),('laravel_cacheetag./monica/store/avatars/420bbe8c-7d07-4285-91ae-5057bff1268a.jpg?1704907901','s:40:\"f58f3e16e822a43a276d09952a6f8e03ea00204d\";',2020267902),('laravel_cacheetag./monica/store/avatars/43c7b3a9-5b11-4b0b-b225-2af5cce8d57c.jpg?1707076421','s:40:\"af8d4486e7a8c73da7579e3c3c935ffa28f1562a\";',2022436422),('laravel_cacheetag./monica/store/avatars/4a32e728-1757-4d18-8fc2-e9ee4d91d519.jpg?1707072424','s:40:\"e2f935f8c6edc41f6cf6bee0fdcd3b6eb5c73009\";',2022432425),('laravel_cacheetag./monica/store/avatars/5496c613-22bd-4df6-953b-503d2bce3ced.jpg?1704245397','s:40:\"c151836853b0c913ec953ba65df9e2da57c9d0eb\";',2019605398),('laravel_cacheetag./monica/store/avatars/56bd1ba5-1b36-4ea4-8fc0-a88281022d19.jpg?1704592688','s:40:\"c2a074bb6c5cdd28bed70d1e142986cc7bc7ed41\";',2019952688),('laravel_cacheetag./monica/store/avatars/743ecfd5-dc4d-4d62-b2bb-3d2f94fb4160.jpg?1704592421','s:40:\"1d9ccda62c4ac0ff73900996a3780b4b1abf88dd\";',2019952421),('laravel_cacheetag./monica/store/avatars/746fc795-e78b-4340-8e51-d4f49dcbf8e3.jpg?1704435115','s:40:\"7cfd2b4ea20f14f7cc7a1e397586013643bf10e5\";',2019795116),('laravel_cacheetag./monica/store/avatars/868f26ff-a823-44ca-b0d3-21bbf8e0d493.jpg?1704244767','s:40:\"87df6f7dfd141a83ac51f8527d45dd3d4b6d85c0\";',2019604768),('laravel_cacheetag./monica/store/avatars/88feb418-5f08-4a1c-9ce9-60be45d96598.jpg?1705764693','s:40:\"e93e88f270f6b25e05e5ef63639b11f3e726ec83\";',2021124694),('laravel_cacheetag./monica/store/avatars/8d89628c-ec73-474f-bcd1-a040b45368a6.jpg?1704880754','s:40:\"e888d08275ab2bddc1045217480ff7b7120d7408\";',2020240755),('laravel_cacheetag./monica/store/avatars/9a528bd0-5b44-4d15-99bc-a0aec7e78344.jpg?1704882231','s:40:\"f1fbf9f0ad54553b587c010f5228dcb22f7800ce\";',2020242232),('laravel_cacheetag./monica/store/avatars/9e79a73f-bb57-45af-ac55-eca83cfd3a94.jpg?1704432958','s:40:\"de8267099a6126a8674e09ab03f9454b93fa759c\";',2019792959),('laravel_cacheetag./monica/store/avatars/a2ea9ef7-1f30-418c-b3ec-a2fe9e689cdc.jpg?1704593608','s:40:\"3798028376885c77b058ffae58836413270f14a6\";',2019953609),('laravel_cacheetag./monica/store/avatars/a5a58987-0040-432c-8d98-1eb739c6217d.jpg?1704245667','s:40:\"28c32018fcbd4e91836f6883667cd21f170c01f4\";',2019605667),('laravel_cacheetag./monica/store/avatars/b31ef81c-e03e-4c1b-9ca0-343568cbcb12.jpg?1704592832','s:40:\"ea0eab79a33ac61506a9f528c1bbba45ab1f0c0f\";',2019952833),('laravel_cacheetag./monica/store/avatars/bd777f56-729b-434c-a3c7-d4e8075ca360.jpg?1704244703','s:40:\"afb77b9dce3b50416968f611784f72ef942e9726\";',2019604744),('laravel_cacheetag./monica/store/avatars/bf79b693-c496-4f8f-ab80-1733857becfb.jpg?1704243198','s:40:\"ef33fc809eb5caa58b4f9bf7c2121cc56bb03a3f\";',2019603221),('laravel_cacheetag./monica/store/avatars/e8118e7e-d350-428a-a43b-2913a802cfd6.jpg?1704881294','s:40:\"4aa5b3c3af222b80e4f25018e6a2fec08000f27b\";',2020241295),('laravel_cacheetag./monica/store/avatars/f0061aa8-e995-45db-9885-75918ff586bd.jpg?1704243284','s:40:\"07ce18489b9d0c42745ed8f0cbb7493bd4aac863\";',2019603833),('laravel_cacheetag./monica/store/photos/0CYyOeS1vN1bcUg8BbRqWJbGWQx15AqbheVKiHPm.jpg','s:40:\"3b5a7b0e17c7e969414753a8428a70967fe00a0c\";',2019605298),('laravel_cacheetag./monica/store/photos/1mA8ySKeqEWS5UjgBIfXdV4RMfReqQ855jk4ATUY.jpg','s:40:\"32f9c76bc26af8dc6a1088c4f2af3718985f28d6\";',2019793191),('laravel_cacheetag./monica/store/photos/66eYwZYo5081zA0iWig2BukjdCERkKWtNBjMyqL9.jpg','s:40:\"5700af024c3cc1781b7459fd2eb42c033fa2fec4\";',2019794264),('laravel_cacheetag./monica/store/photos/6NOGWtEUovIUBO5qpOqEi4NRlTjEeqS88C8RPZgO.jpg','s:40:\"ca6a5a1db8f87f7e1370ef31ba39348964d9f834\";',2022432442),('laravel_cacheetag./monica/store/photos/8DKYDXFQ8Fhiq7ZKZEmbNMM8hZZ8zTJzwdHd5szM.jpg','s:40:\"0dbb1e55e31ff6f296fd7cca689e60f24e02e201\";',2020242332),('laravel_cacheetag./monica/store/photos/BJvrT9LcFkwOby4a9auyn05V6Qp7yGu0NYWmUNsc.jpg','s:40:\"3c958fe6ecfa718a14d4d185125738d05bff0390\";',2019954564),('laravel_cacheetag./monica/store/photos/D4x6q2PjbUfh4wto8NbhR04C3xJktz1Zziv9OIhW.jpg','s:40:\"775535bcc5303bd639d345dbc56d162b02e64602\";',2020241092),('laravel_cacheetag./monica/store/photos/eba7dt5esLH2ddsnXhnYMQHb157qb0JkhR6qHeP1.jpg','s:40:\"c3a884d54dbfd62d9d2a5df4498c01b93b85c50f\";',2019797995),('laravel_cacheetag./monica/store/photos/fLKsm45CwBlYcUyu142nMEIZAINqc6e70hwWJhuV.jpg','s:40:\"660ce7aee16a6363249dc4bced2cdf09c2724c4f\";',2020241148),('laravel_cacheetag./monica/store/photos/fSrPJAtKkIs5xYXNSYEtKluV3BhPlVQVGOlw6bg1.jpg','s:40:\"5b8e6fd3e0d842881b5586f5248e23101b71db34\";',2021127984),('laravel_cacheetag./monica/store/photos/Gkco32EXSTxA4e4GUHDfXEGt9CS4EP5HAdD9bfs2.jpg','s:40:\"3eee861d285801ca29c7f33ef80e81bb894f6205\";',2019952913),('laravel_cacheetag./monica/store/photos/GyAvrPESVvXMxjqeBcUu2XPfgKR5qMWoVHnHNugr.jpg','s:40:\"647c91357f47197b6bf9001e800197d05ccb87a3\";',2020240970),('laravel_cacheetag./monica/store/photos/IhVx1rvOcXESRCfYFKZiBvtAZP60IoN9SPXRB1Ya.jpg','s:40:\"529acc7515e0d852bb45255be21d5a4ff914e87c\";',2020767961),('laravel_cacheetag./monica/store/photos/J25DMi0j5r6IvRgbsqNA6iJpNSmyo03zxmt1I2jS.jpg','s:40:\"4390c75a1cdbba25c42c246223d2a2126a7568ec\";',2019605095),('laravel_cacheetag./monica/store/photos/K2Rk6Q3G3F8al2y03roI0NjK92SCMnOQWglvgbsJ.jpg','s:40:\"a39e051cfa26051cd3a28bdd2ac9d2fa25ce51ec\";',2019605482),('laravel_cacheetag./monica/store/photos/KGq9QGf6R5UXdftURjpBXZ08g27jS7aEwOAHRuYh.jpg','s:40:\"707f2140d602f18f3471ad9dd4f452d410515743\";',2019952546),('laravel_cacheetag./monica/store/photos/l6vgOZxoujXfKxCcK0hnm1FQGER9Yted44eDD7Or.jpg','s:40:\"fd5e3da28f32b22124f77de281fb2add22b50af7\";',2019605685),('laravel_cacheetag./monica/store/photos/mXSq8V0i2e562mbLNkes8V94iRkgBUchYTFXM0A5.jpg','s:40:\"0412c2d5e0fd916f1a6cff63b791f55225594a9b\";',2019605169),('laravel_cacheetag./monica/store/photos/oEioKUt3REQNNY7x5r2dxqwxphKx13DQ9tIFITVl.jpg','s:40:\"8e805c722b5f1d03f922c17324fe100cc5f533a8\";',2019605003),('laravel_cacheetag./monica/store/photos/OmzwHTfEwzcUUTPu6DciXA0IZtH3vktB1QxyzgMC.jpg','s:40:\"58b55baa71d597a5b08ba14b9dfa44332f1a0452\";',2019603843),('laravel_cacheetag./monica/store/photos/RcI8WAAzVWEZbJ8z4bPTVmOkc0pQ3jTb7Xrna4rL.jpg','s:40:\"ab1a8a3adbbeb36161432a8fc5447bc9e2644e0e\";',2020241330),('laravel_cacheetag./monica/store/photos/RID2mVXB9527SWtj4GeA2aXHp4lusTC00vo9MxMU.jpg','s:40:\"48c4bfcc8d28616b16b0947f958408d3751234f8\";',2022440517),('laravel_cacheetag./monica/store/photos/UoqCtVL1CV3HACxRWgjAM6dx4oYlRfEA1zvLlm76.jpg','s:40:\"caae4cc48716904a917af9f4803a38054b838e46\";',2019952728),('laravel_cacheetag./monica/store/photos/zfo4f18iCoA8J6tPQh7Sloj1USeJHAiLocUMam1b.jpg','s:40:\"87c5052c38d694142e28e25921ec721009e0ffea\";',2019603768);

--
